be the second derivative of 13/720*h**6 + 0*h**3 + 0*h**2 + 0*h**5 + 23*h + 19/12*h**4 + 0. Let g(l) be the third derivative of f(l). Determine g(1).
13
Let d(f) = 2*f**2 - 6*f - 5. Let j = 172 + -167. What is d(j)?
15
Let b(i) = 3*i + 9. Let f(g) = -39*g + 78. Let d be f(2). Calculate b(d).
9
Suppose -52*j + 6*j = -644. Let x(o) = o + 10. Calculate x(j).
24
Let u(q) = -37*q**3 - 5*q**2 + 5*q - 25. Let s be (3 - (-26)/(-3))*3. Let o(c) = -13*c**3 - 2*c**2 + 2*c - 9. Let g(l) = s*o(l) + 6*u(l). Determine g(4).
-13
Let d(l) be the first derivative of -l**4/12 - l**3/2 + l**2/2 + 66*l - 40. Let z(q) be the first derivative of d(q). What is z(-4)?
-3
Let p(r) = -3*r**2 + 2*r + 6. Let x = 10248 + -10246. Determine p(x).
-2
Suppose -29*x + 36*x = 147. Suppose -38 = x*k + 67. Let u(q) be the first derivative of -q**2/2 + 5*q - 1. Calculate u(k).
10
Let p(h) = 4*h**2 + 43*h + 113. Let t be p(-4). Let v(s) = 4*s**2 - 3*s - 4. Give v(t).
81
Let k be 3 - ((-20)/(-30) - (-14)/6). Suppose k = -2*i + 6, -3*l + 6 = -4*i. Let g(j) = 908*j + l - 453*j - 454*j. Determine g(0).
6
Suppose 8*h - 2349 = 89*h. Let t(k) = k - 3. Calculate t(h).
-32
Let h(b) be the first derivative of 9*b**2/2 - b - 263. Suppose 0 = 4*a - 1 + 9. Let f(r) = 20*r - 3. Let w(q) = a*f(q) + 5*h(q). Determine w(3).
16
Let z = 208 - 206. Let t(a) = 21 + z*a - 4*a - 12 + a. Give t(12).
-3
Let z(i) = i**3 - 4*i**2 - 5*i. Let o be z(5). Let y be (230/60)/(1/6). Let d(k) = -2*k**3 + 22*k - k**3 + 4*k**3 - y*k - 7. Give d(o).
-7
Let a(k) = 12*k**3 - 21*k**2 - 28*k + 20. Let f(n) = 19*n**3 - 32*n**2 - 42*n + 32. Let w(d) = 11*a(d) - 7*f(d). Give w(-6).
44
Let c(h) = -h**2 - 6*h + 13. Let o(q) = -q**2 + 13*q + 20. Let t be o(15). Let p be c(t). Let v = p + 31. Let r(d) = -d**3 + 2*d**2 + 6*d - 2. Determine r(v).
-10
Let x(g) = g**2 - g + 2. Let o(s) = -s**2 - 11*s - 1. Let z be o(0). Let m be (-11 - -10)*z*4. Calculate x(m).
14
Let j(h) = 5*h - 25. Let b = 3406 - 3402. Give j(b).
-5
Suppose 17 = -7*c + 72 - 41. Let m(y) = -5*y + 1. What is m(c)?
-9
Let j(m) = -m. Let d(h) = h + 1. Let r(o) = 4*o + 2. Let t(y) = 10*d(y) - 2*r(y). Let l(s) = -j(s) - t(s). Let f be (2 - 1)*(-5 + -1). Determine l(f).
0
Let v(i) = 2*i + 761*i**3 + 774*i**3 + 765*i**3 + 3*i**2 - 2 + i - 2299*i**3. Calculate v(-3).
-11
Let p be (34*3/(-12))/(3/(-72)). Let x = 211 - p. Let s(k) = -k**2 + 8*k - 3. Calculate s(x).
4
Let h = 346 + -338. Suppose -h*b = -2 + 42. Let c(k) = k**2 - 4 - 1 + 3*k + 0. Determine c(b).
5
Let p be 2 + -1*(-11 + -3). Let g(z) be the third derivative of -z**4/12 + 6*z**3 + 8*z**2 + z. Let u be g(p). Let y(i) = -i**2 + 3*i - 6. Determine y(u).
-10
Let s(k) = -2*k**2 - k. Let j be 218/(-14) + (-6)/56*4. Let h = -88 - j. Let i be (-1)/(-5) - h/40. What is s(i)?
-10
Suppose -59 = -5*q - 3*k, -5*q + 2*k = -31 - 13. Let r(w) = w**2 + 2*w**2 - 1 - 2*w**2 + 7*w + q. Let j(g) = 146*g + 1016. Let t be j(-7). Calculate r(t).
3
Let c be ((-16)/(-20))/((-8)/(-60)). Let q be (c/(-8))/((-3)/24). Suppose 2*j + j + q = 0. Let z(h) = -2*h + 1. Calculate z(j).
5
Let b(h) = h**2 - 4*h + 5. Let r be b(2). Let n(i) = 3*i**2 + 5*i - 7. Let z(l) = l**2 + 2*l - 1. Let k(d) = r*n(d) - 2*z(d). Calculate k(-4).
7
Let n(w) = 3*w - 11*w + 2438 - 2447. Give n(4).
-41
Suppose -17*u + 8 = -21*u. Let w be u - (4 - 0)/(-3 + 2). Let b(v) = -121*v + 5*v**2 + 55*v + 3 - 4*v**w + 58*v. What is b(6)?
-9
Suppose 0 = 13*f - 282 + 87. Suppose f*p = 13*p - 2. Let v(n) = 4*n**3 - 1. Calculate v(p).
-5
Let q(b) = -b**2 + 4*b + 3. Let f = -120 - -135. Suppose 27*w - 24*w = f. Calculate q(w).
-2
Let k(h) be the third derivative of -h**4/24 - 5*h**3/6 + 900*h**2. What is k(13)?
-18
Let q(r) = -2*r - 17. Let h(j) = 5*j + 33. Let l(z) = -3*h(z) - 7*q(z). Suppose 142*u - 570 = 29*u + 75*u. What is l(u)?
5
Let d(l) = -7*l - 3. Let a(h) = -6*h - 2. Let z(v) = -3*a(v) + 2*d(v). Let i(r) = -r**3 - 4*r**2 + 3*r - 7. Let k = 51 - 56. Let o be i(k). What is z(o)?
12
Let o = 259 + -257. Let t(v) = 5*v**2 - 2*v**3 + 4*v**3 - v - 10*v**o + 3*v**2. Give t(-1).
-3
Let y(x) = 3*x**2 - 3*x + 38. Let k be -12 - 780/(-48) - 3 - 15/(-4). Determine y(k).
98
Let y be 4 + (0 - -5) + -2. Suppose 147 = t + 4*t - 2*a, -4*a = 5*t - 141. Let o(r) = -56*r + 25*r + 8 + t*r. Determine o(y).
-6
Suppose 0 = -t - 3*u + 10, -24*t + 23*t = u. Let a(q) be the third derivative of q**4/24 - 7*q**3/6 - 321*q**2. What is a(t)?
-12
Let s = 13 + -24. Let i be (s - -7)*(-3)/6. Let k(d) = -4 + i + 2 + 5 - d. Determine k(-6).
11
Let i(b) = 12*b - 18. Let k(a) = -4*a + 6. Let o(g) = -4*i(g) - 14*k(g). Let m(j) = -2*j. Let v(c) = 3*m(c) + o(c). What is v(6)?
0
Let p(y) = 32*y - y**2 - 120 + 4 - 76 - 70. Give p(15).
-7
Let b(o) = -5*o + 2. Let s = 3 + 0. Let y be 18/48 - 394/(-16). Suppose -16 = s*g - y. Calculate b(g).
-13
Let i(g) = -19*g - 22. Let s(v) = -15*v - 18. Let j(u) = 4*i(u) - 5*s(u). Give j(10).
-8
Let q(z) = -13*z - 13 - 14*z + 19*z - 3*z**2. Let m be q(-3). Let f be 2/(2*2*(-4)/m). Let p(j) = 4*j - 3. Give p(f).
5
Let q = 905 + -902. Let l(s) = -12 + 205*s + s**2 + 3*s**2 - 102*s - 96*s - q*s**2. Give l(-10).
18
Let d(i) be the third derivative of -i**5/60 + i**4/4 + i**3/6 + 44*i**2 - 19*i. Determine d(2).
9
Suppose v - 5*a = 98, 89 + 107 = 2*v - 2*a. Let c = -94 + v. Let t(m) = 5*m - 17. Determine t(c).
3
Let p(w) = w**2 - 13*w - 96. Let u be p(18). Let m(i) = -i**3 - 5*i**2 + 7*i + 5. Let f be m(u). Let a(j) = -2*j**2 + j + 1. Determine a(f).
-2
Let y(i) = -1 + 55*i**3 - 6*i**2 + 62*i**3 + 77*i**3 - 193*i**3. Give y(2).
-17
Let x = -218 - -221. Let o(r) = -r**x + 20*r + 2*r**3 + 3*r**2 + 1 - 23*r. Let w(h) = -h**2 + 2*h - 3. Let v be w(2). What is o(v)?
10
Let d be 4/16 + (-30)/(-8). Let k(z) be the first derivative of -2*z**3/3 + 7*z**2/2 - 6*z + 4390. What is k(d)?
-10
Let j(b) = -b**2 + 11*b + 8. Let i(f) = -f - 1. Let q(k) = 2*i(k) + j(k). Let r = -3 + 21. Suppose r = -3*x + 45. Give q(x).
6
Let w(y) = -3*y + 6. Let q(u) = -3*u**3 + 2*u**2. Let k be q(2). Let t = 20 + k. Suppose -z = -t*a + 15, 4*z + 0 = 4. Determine w(a).
-6
Let d be (-7 + (-22)/(-6))*-3. Suppose -d*b - 42 = -6*b + 5*o, -2*b - 3*o - 22 = 0. Let g(x) = x**2 + 8*x - 8. Determine g(b).
-8
Suppose 0 = -5*g, -3*z - 5*g = -7*z + 8. Let m be (-45)/(-2)*5994/135. Let n(t) = -m*t - 4*t**2 + 3*t**2 + 1002*t. Determine n(z).
2
Let w(h) be the third derivative of -h**6/120 + 3*h**5/10 - 3*h**4/4 + 11*h**3/3 + 3*h**2 - 26. Give w(17).
5
Suppose 4*h = 3*d + 2, -5*h + 3*d - 12 = -13. Let b(r) = -6*r - 11. Give b(h).
-5
Let h(b) be the first derivative of 2*b**3/3 - 11*b**2/2 + 10*b + 1464. Give h(7).
31
Suppose -99*d + 95*d = 4. Let v be (d + (-4)/12)*(-42)/14. Let z(u) = u**2 - 3*u + 1 - 3*u + 2. Determine z(v).
-5
Let x(o) = o**3 - 6 - 9*o**2 + 22*o**2 - 3 + 8*o**2 - 4*o**2. What is x(-17)?
-9
Let q(m) = 10*m**2 + 0*m - 11*m**2 + 0*m - 31*m + 113. Determine q(-34).
11
Let l = 262 + -252. Let r(w) = l + w**2 + 11*w + 7*w + 10*w - 22*w. Calculate r(-4).
2
Let r(q) = -2915*q**3 - 2910*q**3 + 29*q**2 - 52*q - 44 + 8741*q**3 - 2917*q**3. Calculate r(27).
10
Let f = -20912 + 20913. Let h be (-2)/11 - (-24)/11. Let t(r) = 6 + 2 + 9*r**3 - 7 - r**h - r. Give t(f).
8
Suppose 4*c = 6*c - 40. Let g = 45 - c. Suppose 3*i + g - 19 = 0. Let d(k) = 3*k + 1. Determine d(i).
-5
Let t(o) be the third derivative of -o**6/60 - o**5/60 - 5*o**4/24 - 8*o**3/3 + 4*o**2 + 278. Give t(-2).
6
Let k(t) = t**3 - 45*t**2 + t - 41. Suppose -232*i = -237*i + 225. Calculate k(i).
4
Let h(m) = -m**3 + 13*m**2 + 4. Suppose 0 = 12*y + 25 - 181. Let x be h(y). Let s(j) = j**3 - 6*j**2 + 6*j. What is s(x)?
-8
Let p(y) = -y**3 - 18*y**2 - 13*y + 16. Let u(v) = 24*v - 237 + 38*v**2 + 3*v**3 + 206 + 0*v. Let s(n) = 5*p(n) + 2*u(n). Give s(15).
-12
Let g be (7 - -2)*12/9. Suppose -6*r = -5*r - g. Let p(o) = r - 3*o - 16 + 5. Calculate p(4).
-11
Let o(q) = q**3 + 5*q**2 - 8*q - 9. Suppose -7*b + 14 = -7. Suppose -t + 3*n = -6, -5*t + b*n = 21 - 3. What is o(t)?
3
Let j be ((-18)/45)/(-2*(-3)/(-15)). Let o(n) = 2*n + 5*n - n + j - 5*n. Give o(9).
10
Let t(z) = -z**3 - 5*z**2 - 4*z - 2. Let s be (-2 - -5)*((-35)/(-15))/(-7). Let f be (-434)/(-28)*(s + (-3 - -2)). Let b = 28 + f. Give t(b).
-8
Let q(d) = -d. Suppose -4*u + 5*c = -215, -4*c - 100 = -2*u - 0*c. Let